ded by 389?
324
What is the remainder when 18330 is divided by 193?
188
What is the remainder when 24097 is divided by 2189?
18
What is the remainder when 2861598 is divided by 280?
278
What is the remainder when 8264 is divided by 412?
24
What is the remainder when 1650 is divided by 92?
86
Calculate the remainder when 3330 is divided by 2477.
853
What is the remainder when 182251 is divided by 26?
17
What is the remainder when 48014 is divided by 57?
20
What is the remainder when 1006883 is divided by 55?
53
Calculate the remainder when 45994 is divided by 92.
86
What is the remainder when 54117 is divided by 13487?
169
Calculate the remainder when 6755 is divided by 965.
0
Calculate the remainder when 10730 is divided by 306.
20
Calculate the remainder when 118192 is divided by 39345.
157
What is the remainder when 9653 is divided by 104?
85
Calculate the remainder when 113679 is divided by 5.
4
What is the remainder when 2455 is divided by 799?
58
What is the remainder when 4349 is divided by 1004?
333
What is the remainder when 3835773 is divided by 42?
39
Calculate the remainder when 46353 is divided by 23131.
91
What is the remainder when 70306 is divided by 416?
2
Calculate the remainder when 454094 is divided by 151357.
23
Calculate the remainder when 602386 is divided by 36.
34
What is the remainder when 36199 is divided by 292?
283
What is the remainder when 2309 is divided by 215?
159
What is the remainder when 169434 is divided by 103?
102
Calculate the remainder when 72751 is divided by 79.
71
What is the remainder when 62 is divided by 10?
2
What is the remainder when 17375 is divided by 18?
5
Calculate the remainder when 17754 is divided by 197.
24
What is the remainder when 52834 is divided by 463?
52
Calculate the remainder when 1086948 is divided by 8.
4
What is the remainder when 21421 is divided by 538?
439
Calculate the remainder when 34490 is divided by 7.
1
Calculate the remainder when 604 is divided by 14.
2
Calculate the remainder when 1702 is divided by 1649.
53
Calculate the remainder when 134 is divided by 115.
19
What is the remainder when 2326 is divided by 87?
64
Calculate the remainder when 3539 is divided by 586.
23
Calculate the remainder when 10669 is divided by 323.
10
What is the remainder when 3447 is divided by 383?
0
What is the remainder when 10458 is divided by 5221?
16
Calculate the remainder when 118313 is divided by 16899.
20
Calculate the remainder when 62540 is divided by 62520.
20
Calculate the remainder when 502 is divided by 422.
80
What is the remainder when 4016 is divided by 64?
48
What is the remainder when 1268917 is divided by 233?
232
Calculate the remainder when 5224426 is divided by 101.
100
What is the remainder when 2658 is divided by 443?
0
What is the remainder when 51183 is divided by 749?
251
Calculate the remainder when 983 is divided by 24.
23
Calculate the remainder when 2538013 is divided by 208.
205
Calculate the remainder when 13520 is divided by 1228.
12
Calculate the remainder when 2624712 is divided by 765.
762
What is the remainder when 22454 is divided by 45?
44
What is the remainder when 8552 is divided by 23?
19
What is the remainder when 5524 is divided by 859?
370
What is the remainder when 105574 is divided by 35157?
103
Calculate the remainder when 17822 is divided by 159.
14
What is the remainder when 1515446 is divided by 1515432?
14
Calculate the remainder when 132022 is divided by 14665.
37
Calculate the remainder when 495 is divided by 433.
62
What is the remainder when 52791 is divided by 4?
3
Calculate the remainder when 22086 is divided by 3154.
8
What is the remainder when 6205 is divided by 21?
10
Calculate the remainder when 2937 is divided by 1463.
11
Calculate the remainder when 72578 is divided by 248.
162
What is the remainder when 169725 is divided by 8?
5
What is the remainder when 82251 is divided by 379?
8
What is the remainder when 11295 is divided by 10988?
307
Calculate the remainder when 3634 is divided by 280.
274
Calculate the remainder when 407812 is divided by 105.
97
Calculate the remainder when 25224 is divided by 12605.
14
Calculate the remainder when 1357167 is divided by 53.
49
Calculate the remainder when 16578 is divided by 1501.
67
What is the remainder when 13035 is divided by 6498?
39
Calculate the remainder when 64943 is divided by 21630.
53
Calculate the remainder when 2736681 is divided by 76.
73
What is the remainder when 3459858 is divided by 20?
18
What is the remainder when 925 is divided by 72?
61
What is the remainder when 76076 is divided by 109?
103
Calculate the remainder when 39156 is divided by 12.
0
What is the remainder when 9163 is divided by 341?
297
What is the remainder when 701379 is divided by 22?
19
What is the remainder when 24827 is divided by 7?
5
Calculate the remainder when 73 is divided by 28.
17
Calculate the remainder when 31924 is divided by 1686.
1576
What is the remainder when 53532 is divided by 112?
108
Calculate the remainder when 278519 is divided by 35.
24
Calculate the remainder when 33648 is divided by 1020.
1008
Calculate the remainder when 31321 is divided by 1566.
1
What is the remainder when 5154 is divided by 2522?
110
What is the remainder when 2125 is divided by 2095?
30
What is the remainder when 2678 is divided by 178?
8
Calculate the remainder when 84711 is divided by 98.
39
Calculate the remainder when 24575 is divided by 8188.
11
What is the remainder when 87520 is divided by 145?
85
What is the remainder when 3134 is divided by 382?
78
What is the remainder when 2461313 is divided by 143?
140
Calculate the remainder when 2351 is divided by 35.
6
Calculate the remainder when 2672 is divided by 1336.
0
Calculate the remainder when 32692 is divided by 1421.
9
What is the remainder when 407 is divided by 247?
160
Calculate the remainder when 5055 is divided by 279.
33
What is the remainder when 221 is divided by 38?
31
Calculate the remainder when 573 is divided by 468.
105
What is the remainder when 183567 is divided by 112?
111
What is the remainder when 9136 is divided by 49?
22
Calculate the remainder when 12216 is divided by 12174.
42
What is the remainder when 135440 is divided by 77?
74
Calculate the remainder when 576809 is divided by 26.
25
What is the remainder when 12550 is divided by 166?
100
What is the remainder when 10721 is divided by 262?
241
Calculate the remainder when 201540 is divided by 61.
57
What is the remainder when 315347 is divided by 78?
71
Calculate the remainder when 32075 is divided by 285.
155
Calculate the remainder when 560 is divided by 162.
74
What is the remainder when 5741 is divided by 2859?
23
Calculate the remainder when 59755 is divided by 1867.
11
What is the remainder when 578 is divided by 75?
53
What is the remainder when 22225 is divided by 161?
7
Calculate the remainder when 7549 is divided by 89.
73
Calculate the remainder when 904 is divided by 419.
66
What is the remainder when 74081 is divided by 4?
1
What is the remainder when 835772 is divided by 17?
1
Calculate the remainder when 118090 is divided by 302.
8
Calculate the remainder when 565 is divided by 19.
14
What is the remainder when 10096 is divided by 341?
207
Calculate the remainder when 7884 is divided by 8.
4
Calculate the remainder when 50644 is divided by 261.
10
What is the remainder when 11237 is divided by 11184?
53
What is the remainder when 176843 is divided by 103?
95
What is the remainder when 57491 is divided by 20?
11
What is the remainder when 472449 is divided by 4772?
21
Calculate the remainder when 572942 is divided by 19.
16
What is the remainder when 16266 is divided by 955?
31
Calculate the remainder when 4902589 is divided by 17.
10
Calculate the remainder when 13257 is divided by 4391.
84
Calculate the remainder when 15503 is divided by 736.
47
What is the remainder when 288063 is divided by 64?
63
What is the remainder when 56886 is divided by 583?
335
Calculate the remainder when 94245 is divided by 160.
5
What is the remainder when 369625 is divided by 46203?
1
What is the remainder when 214651 is divided by 312?
307
What is the remainder when 683431 is divided by 341713?
5
What is the remainder when 8441 is divided by 87?
2
What is the